{"id":849,"date":"2018-10-29T15:15:37","date_gmt":"2018-10-29T15:15:37","guid":{"rendered":"https:\/\/elkeradhuber.at\/?page_id=849"},"modified":"2019-02-10T11:14:27","modified_gmt":"2019-02-10T11:14:27","slug":"03-04_coachingtraining__resilienz","status":"publish","type":"page","link":"https:\/\/elkeradhuber.at\/?page_id=849","title":{"rendered":"03-04_Coaching&#038;Training__Resilienz"},"content":{"rendered":"<div id=\"pl-849\"  class=\"panel-layout\" ><div id=\"pg-849-0\"  class=\"panel-grid panel-no-style\" ><div id=\"pgc-849-0-0\"  class=\"panel-grid-cell\" ><div id=\"panel-849-0-0-0\" class=\"so-panel widget widget_black-studio-tinymce widget_black_studio_tinymce panel-first-child\" data-index=\"0\" ><div class=\"textwidget\"><div>\n<p><span class=\"home-boxheadline\">Resilienz = Psychische Widerstandsf\u00e4higkeit<\/span><\/p>\n<p style=\"text-align: justify;\"><span class=\"home-boxtext\">Unter dem Resilienz versteht man die psychische Widerstandf\u00e4higkeit \u2013 also die F\u00e4higkeit Krisen aktiv zu bew\u00e4ltigen und daran zu wachsen. Ein resilienter Mensch ist demnach jemand, der eine Krise (durch sein aktives Zutun) bew\u00e4ltigt und sich dadurch sogar weiter entwickeln kann.<br \/>\n<\/span><\/p>\n<\/div>\n<\/div><\/div><div id=\"panel-849-0-0-1\" class=\"so-panel widget widget_black-studio-tinymce widget_black_studio_tinymce panel-last-child\" data-index=\"1\" ><div class=\"textwidget\"><div>\n<span class=\"home-boxheadline\">Das Resilienzkonzept zeichnet sich also durch drei Aspekte aus:<\/span>\n<\/div>\n<\/div><\/div><\/div><\/div><div id=\"pg-849-1\"  class=\"panel-grid panel-no-style\" ><div id=\"pgc-849-1-0\"  class=\"panel-grid-cell\" ><div id=\"panel-849-1-0-0\" class=\"so-panel widget widget_sow-image panel-first-child panel-last-child\" data-index=\"2\" ><div\n\t\t\t\n\t\t\tclass=\"so-widget-sow-image so-widget-sow-image-default-8b5b6f678277-849\"\n\t\t\t\n\t\t>\n<div class=\"sow-image-container\">\n\t\t<img \n\tsrc=\"gantry-media:\/\/03_Coaching_Training\/04_Resilienz\/Frau%20auf%20Treppe_pexels-von%20zun%20zun_1024x682px.jpg\" title=\"03-04_Coaching&#038;Training__Resilienz\" alt=\"\" \t\tclass=\"so-widget-image\"\/>\n\t<\/div>\n\n<\/div><\/div><\/div><div id=\"pgc-849-1-1\"  class=\"panel-grid-cell\" ><div id=\"panel-849-1-1-0\" class=\"so-panel widget widget_black-studio-tinymce widget_black_studio_tinymce panel-first-child panel-last-child\" data-index=\"3\" ><div class=\"textwidget\"><div>\n<ul class=\"a\">\n<li>Krise<\/li>\n<li>Aktive Bew\u00e4ltigung<\/li>\n<li>Weiterentwicklung<\/li>\n<\/ul>\n<\/div>\n<\/div><\/div><\/div><\/div><div id=\"pg-849-2\"  class=\"panel-grid panel-no-style\" ><div id=\"pgc-849-2-0\"  class=\"panel-grid-cell\" ><div id=\"panel-849-2-0-0\" class=\"so-panel widget widget_black-studio-tinymce widget_black_studio_tinymce panel-first-child\" data-index=\"4\" ><div class=\"textwidget\"><div>\n<span class=\"home-boxheadline\">Fakoren f\u00fcr eine hohe Widerstandsf\u00e4higkeit:<\/span><\/p>\n<p style=\"text-align: justify;\"><span class=\"home-boxtext\">Wie kommt es also zu einer hohen Widerstandf\u00e4higkeit? In der Literatur werden mehrere Resilienz-Modelle mit verschienden sogenannten Resilienzfaktoren vorgestellt. Mit Resilienzfaktoren sind alle dem Individuum verf\u00fcgbaren physischen, sozialen, psychologischen und emotionalen Ressourcen gemeint. Also F\u00e4higkeiten bzw. Eigenschaften die man hat und die man aktiv daf\u00fcr einsetzt, eine Krise zu bew\u00e4ltigen. In den vielen Resilienz-Modellen werden unterschiedlich viele \u201eResilienzfaktoren\u201c genannt. Beispielhaft m\u00f6chte ich hier ein paar dieser F\u00e4higkeiten\/Kompetenzen, anf\u00fchren, die als Resilienzfaktoren gelten  (nach K. Reivich\/A.Shatt\u00e9):<br \/>\n<\/span><\/p>\n<ul class=\"a\">\n<li>Aktive Beziehungsgestaltung bzw. Netzwerkgestaltung<\/li>\n<li>Akzeptanz (zB von schwierigen Situationen, anderen Meinungen etc.)<\/li>\n<li>Selbstwirksamkeit (selber Wege sehen und beschreiten, um etwas zu ver\u00e4ndern)<\/li>\n<li>Verantwortung (die eigenen Anteile sehen bzw. \u00fcber das eigene Handeln)<\/li>\n<li>L\u00f6sungsorientierung (zB Aktives Nachdenken \u00fcber L\u00f6sung(swege- weniger \u00fcber die Probleme\/Ursachen\/Schuld)<\/li>\n<li>Optimismus bzw. Emotionskontrolle\/Impulskontrolle (Umgang Gef\u00fchlen und Steuerungsm\u00f6glichkeit)<\/li>\n<li>Zukunftsplanung und Gestaltung<\/li>\n<\/ul>\n<\/div>\n<\/div><\/div><div id=\"panel-849-2-0-1\" class=\"so-panel widget widget_sow-image\" data-index=\"5\" ><div\n\t\t\t\n\t\t\tclass=\"so-widget-sow-image so-widget-sow-image-default-8b5b6f678277-849\"\n\t\t\t\n\t\t>\n<div class=\"sow-image-container\">\n\t\t<img \n\tsrc=\"gantry-media:\/\/03_Coaching_Training\/04_Resilienz\/Pflanze%20Steinboden_pexels-von%20freestocks_1024x682px.jpg\" title=\"03-04_Coaching&#038;Training__Resilienz\" alt=\"\" \t\tclass=\"so-widget-image\"\/>\n\t<\/div>\n\n<\/div><\/div><div id=\"panel-849-2-0-2\" class=\"so-panel widget widget_black-studio-tinymce widget_black_studio_tinymce panel-last-child\" data-index=\"6\" ><div class=\"textwidget\"><div>\n<span class=\"home-boxheadline\">Hintergr\u00fcnde, die man kennen sollte:<\/span><\/p>\n<ul class=\"a\">\n<li>Resilienz lateinisch \u201ezur\u00fcckspringen\u201c, \u201eabprallen\u201c<\/li>\n<li>Bei Material meint der Begriff Resilienz die Eigenschaft, dass das Material nach einer Belastung wieder in den Ursprungszustand zur\u00fcckkehrt.<\/li>\n<li><strong>Kinder mit Chance<\/strong><br \/>In den 70er Jahren erforschte die Wissenschaftlerin Emmy Werner folgendes Ph\u00e4nomen: Nicht alle Kinder, die unter schwierigsten sozio\u00f6konomischen Bedingungen oder Traumatisierungen aufwuchsen, entwickeln sich sp\u00e4ter im Leben ungut. Zwar wei\u00df man, dass Belastungsfaktoren wie Gewalt, Armut, Missbrauch etc. h\u00e4ufig zu einer schlechten Entwicklung f\u00fchren. Aber eben nicht immer. In einer Studie fand E. Werner heraus, dass 1\/3 der Kinder sich allen Widernissen zum Trotz gut entwickelten. Sie erforschte auch, welche Faktoren dazu f\u00fchren, dass sich die Kinder gut entwickelt haben. So entstand die Resilienzforschung.<\/li>\n<li><strong>Trost oder Druck<\/strong><br \/>Es ist nat\u00fcrlich tr\u00f6stlich, dass schlechte Startbedingungen sogar eine Chance bedeuten k\u00f6nnen. Gleichzeitig kann es aber auch den Druck erh\u00f6hen, denn allzu verf\u00fchrerisch ist die Annahme: Wer resilient ist, bew\u00e4ltigt Krisen. Gerade im \u00dcbertrag des Resilienz-Modells auf den beruflichen Kontext hat das schon eine kritische Dimension. Dazu muss au\u00dferdem angemerkt werden, dass sich die Belastungsfaktoren einer schwierigen Kindheit (zB Gewalt) nicht unbedingt auf die Belastungsfaktoren einer Arbeitssituation (zB Arbeits- und Leistungsdruck) \u00fcbertragen lassen. Insofern scheint ein differenzierter Umgang mit dem Resilienz-Modell sinnvoll. Gerade im Arbeitskontext ist die Verlockung gro\u00df, die Resilienz-Idee f\u00fcr einen Selbstoptimierungswahn zu instrumentalisieren. So nach dem Motto: Wenn man nur resilient genug ist, kann man auch mit dem Arbeitsdruck umgehen.<\/li>\n<li>L\u00f6sungsorientierung (zB Aktives Nachdenken \u00fcber L\u00f6sung(swege- weniger \u00fcber die Probleme\/Ursachen\/Schuld)<\/li>\n<li>Optimismus bzw. Emotionskontrolle\/Impulskontrolle (Umgang Gef\u00fchlen und Steuerungsm\u00f6glichkeit)<\/li>\n<li>Zukunftsplanung und Gestaltung<\/li>\n<\/ul>\n<p><span class=\"home-boxheadline\">Mehr dazu:<\/span><br \/>\n&nbsp;<br \/>\n<span class=\"home-boxheadline\">Interesse an einem Vortrag?<\/span><\/p>\n<p style=\"text-align: justify;\"><span class=\"home-boxtext\"> Sollten Sie Interesse an einem Vortrag oder Workshop zum Thema Resilienz f\u00fcr Ihre Firma\/Organisation\/Veranstaltung haben, k\u00f6nnen Sie mich gerne kontaktieren. Neben einen interessanten Einblick in das Thema biete ich auch praxisnahe Ideen an, wie<br \/>\ndie pers\u00f6nliche Resilienzentwicklung im beruflichen Alltag integrierbar sein kann. Damit kann Wachstum und Entwicklung in Ihrem Betrieb gef\u00f6rdert werden. <\/span><\/p>\n<p><span class=\"home-boxheadline\">Pers\u00f6nliches Coaching oder Psychotherapie<\/span><\/p>\n<p style=\"text-align: justify;\"><span class=\"home-boxtext\">Im Rahmen meiner T\u00e4tigkeit als Psychotherapeutin und Coach geht es h\u00e4ufig darum, die pers\u00f6nliche Ressourcen nutzbar zu machen. Insofern geht es oft darum, die eigene seelische Widerstandsf\u00e4higkeit (weiter) zu entwickeln <\/span><\/p>\n<\/div>\n<\/div><\/div><\/div><\/div><\/div>","protected":false},"excerpt":{"rendered":"<p>Resilienz = Psychische Widerstandsf\u00e4higkeit Unter dem Resilienz versteht man die psychische Widerstandf\u00e4higkeit \u2013 also die F\u00e4higkeit Krisen aktiv zu bew\u00e4ltigen und daran zu wachsen. Ein resilienter Mensch ist demnach jemand, der eine Krise (durch sein aktives Zutun) bew\u00e4ltigt und sich dadurch sogar weiter entwickeln kann. Das Resilienzkonzept zeichnet sich also durch drei Aspekte aus: Krise [&hellip;]<\/p>\n","protected":false},"author":2,"featured_media":0,"parent":0,"menu_order":0,"comment_status":"closed","ping_status":"closed","template":"","meta":{"footnotes":""},"class_list":["post-849","page","type-page","status-publish","hentry"],"yoast_head":"<!-- This site is optimized with the Yoast SEO plugin v26.2 - https:\/\/yoast.com\/wordpress\/plugins\/seo\/ -->\n<title>03-04_Coaching&amp;Training__Resilienz | Mag. Elke Radhuber | Psychotherapie und Coaching<\/title>\n<meta name=\"robots\" content=\"index, follow, max-snippet:-1, max-image-preview:large, max-video-preview:-1\" \/>\n<link rel=\"canonical\" href=\"https:\/\/elkeradhuber.at\/?page_id=849\" \/>\n<meta property=\"og:locale\" content=\"de_DE\" \/>\n<meta property=\"og:type\" content=\"article\" \/>\n<meta property=\"og:title\" content=\"03-04_Coaching&amp;Training__Resilienz | Mag. Elke Radhuber | Psychotherapie und Coaching\" \/>\n<meta property=\"og:description\" content=\"Resilienz = Psychische Widerstandsf\u00e4higkeit Unter dem Resilienz versteht man die psychische Widerstandf\u00e4higkeit \u2013 also die F\u00e4higkeit Krisen aktiv zu bew\u00e4ltigen und daran zu wachsen. Ein resilienter Mensch ist demnach jemand, der eine Krise (durch sein aktives Zutun) bew\u00e4ltigt und sich dadurch sogar weiter entwickeln kann. Das Resilienzkonzept zeichnet sich also durch drei Aspekte aus: Krise [&hellip;]\" \/>\n<meta property=\"og:url\" content=\"https:\/\/elkeradhuber.at\/?page_id=849\" \/>\n<meta property=\"og:site_name\" content=\"Mag. Elke Radhuber | Psychotherapie und Coaching\" \/>\n<meta property=\"article:publisher\" content=\"https:\/\/www.facebook.com\/psychotherapieradhuber\/\" \/>\n<meta property=\"article:modified_time\" content=\"2019-02-10T11:14:27+00:00\" \/>\n<meta property=\"og:image\" content=\"https:\/\/elkeradhuber.at\/wp-content\/uploads\/2025\/10\/Praxis_Mag_Elke_Radhuber_1200x675px.png\" \/>\n\t<meta property=\"og:image:width\" content=\"1200\" \/>\n\t<meta property=\"og:image:height\" content=\"675\" \/>\n\t<meta property=\"og:image:type\" content=\"image\/png\" \/>\n<meta name=\"twitter:card\" content=\"summary_large_image\" \/>\n<meta name=\"twitter:label1\" content=\"Gesch\u00e4tzte Lesezeit\" \/>\n\t<meta name=\"twitter:data1\" content=\"3 Minuten\" \/>\n<script type=\"application\/ld+json\" class=\"yoast-schema-graph\">{\"@context\":\"https:\/\/schema.org\",\"@graph\":[{\"@type\":\"WebPage\",\"@id\":\"https:\/\/elkeradhuber.at\/?page_id=849\",\"url\":\"https:\/\/elkeradhuber.at\/?page_id=849\",\"name\":\"03-04_Coaching&Training__Resilienz | Mag. Elke Radhuber | Psychotherapie und Coaching\",\"isPartOf\":{\"@id\":\"https:\/\/elkeradhuber.at\/#website\"},\"datePublished\":\"2018-10-29T15:15:37+00:00\",\"dateModified\":\"2019-02-10T11:14:27+00:00\",\"breadcrumb\":{\"@id\":\"https:\/\/elkeradhuber.at\/?page_id=849#breadcrumb\"},\"inLanguage\":\"de-AT\",\"potentialAction\":[{\"@type\":\"ReadAction\",\"target\":[\"https:\/\/elkeradhuber.at\/?page_id=849\"]}]},{\"@type\":\"BreadcrumbList\",\"@id\":\"https:\/\/elkeradhuber.at\/?page_id=849#breadcrumb\",\"itemListElement\":[{\"@type\":\"ListItem\",\"position\":1,\"name\":\"Home\",\"item\":\"https:\/\/elkeradhuber.at\/\"},{\"@type\":\"ListItem\",\"position\":2,\"name\":\"03-04_Coaching&#038;Training__Resilienz\"}]},{\"@type\":\"WebSite\",\"@id\":\"https:\/\/elkeradhuber.at\/#website\",\"url\":\"https:\/\/elkeradhuber.at\/\",\"name\":\"Mag. Elke Radhuber | Psychotherapie und Coaching\",\"description\":\"Webseite zur Praxis f\u00fcr Psychotherapie und Coaching von Mag. Elke Radhuber\",\"publisher\":{\"@id\":\"https:\/\/elkeradhuber.at\/#organization\"},\"alternateName\":\"Praxis f\u00fcr Psychotherapie und Coaching | Mag. Elke Radhuber\",\"potentialAction\":[{\"@type\":\"SearchAction\",\"target\":{\"@type\":\"EntryPoint\",\"urlTemplate\":\"https:\/\/elkeradhuber.at\/?s={search_term_string}\"},\"query-input\":{\"@type\":\"PropertyValueSpecification\",\"valueRequired\":true,\"valueName\":\"search_term_string\"}}],\"inLanguage\":\"de-AT\"},{\"@type\":\"Organization\",\"@id\":\"https:\/\/elkeradhuber.at\/#organization\",\"name\":\"Mag. Elke Radhuber | Praxis f\u00fcr Psychotherapie und Coaching\",\"alternateName\":\"Praxis f\u00fcr Psychotherapie und Coaching | Mag. Elke Radhuber\",\"url\":\"https:\/\/elkeradhuber.at\/\",\"logo\":{\"@type\":\"ImageObject\",\"inLanguage\":\"de-AT\",\"@id\":\"https:\/\/elkeradhuber.at\/#\/schema\/logo\/image\/\",\"url\":\"https:\/\/elkeradhuber.at\/wp-content\/uploads\/2020\/03\/elke_079_extended.jpg\",\"contentUrl\":\"https:\/\/elkeradhuber.at\/wp-content\/uploads\/2020\/03\/elke_079_extended.jpg\",\"width\":1920,\"height\":1282,\"caption\":\"Mag. Elke Radhuber | Praxis f\u00fcr Psychotherapie und Coaching\"},\"image\":{\"@id\":\"https:\/\/elkeradhuber.at\/#\/schema\/logo\/image\/\"},\"sameAs\":[\"https:\/\/www.facebook.com\/psychotherapieradhuber\/\",\"https:\/\/www.instagram.com\/elke_radhuber\/\"]}]}<\/script>\n<!-- \/ Yoast SEO plugin. -->","yoast_head_json":{"title":"03-04_Coaching&Training__Resilienz | Mag. Elke Radhuber | Psychotherapie und Coaching","robots":{"index":"index","follow":"follow","max-snippet":"max-snippet:-1","max-image-preview":"max-image-preview:large","max-video-preview":"max-video-preview:-1"},"canonical":"https:\/\/elkeradhuber.at\/?page_id=849","og_locale":"de_DE","og_type":"article","og_title":"03-04_Coaching&Training__Resilienz | Mag. Elke Radhuber | Psychotherapie und Coaching","og_description":"Resilienz = Psychische Widerstandsf\u00e4higkeit Unter dem Resilienz versteht man die psychische Widerstandf\u00e4higkeit \u2013 also die F\u00e4higkeit Krisen aktiv zu bew\u00e4ltigen und daran zu wachsen. Ein resilienter Mensch ist demnach jemand, der eine Krise (durch sein aktives Zutun) bew\u00e4ltigt und sich dadurch sogar weiter entwickeln kann. Das Resilienzkonzept zeichnet sich also durch drei Aspekte aus: Krise [&hellip;]","og_url":"https:\/\/elkeradhuber.at\/?page_id=849","og_site_name":"Mag. Elke Radhuber | Psychotherapie und Coaching","article_publisher":"https:\/\/www.facebook.com\/psychotherapieradhuber\/","article_modified_time":"2019-02-10T11:14:27+00:00","og_image":[{"width":1200,"height":675,"url":"https:\/\/elkeradhuber.at\/wp-content\/uploads\/2025\/10\/Praxis_Mag_Elke_Radhuber_1200x675px.png","type":"image\/png"}],"twitter_card":"summary_large_image","twitter_misc":{"Gesch\u00e4tzte Lesezeit":"3 Minuten"},"schema":{"@context":"https:\/\/schema.org","@graph":[{"@type":"WebPage","@id":"https:\/\/elkeradhuber.at\/?page_id=849","url":"https:\/\/elkeradhuber.at\/?page_id=849","name":"03-04_Coaching&Training__Resilienz | Mag. Elke Radhuber | Psychotherapie und Coaching","isPartOf":{"@id":"https:\/\/elkeradhuber.at\/#website"},"datePublished":"2018-10-29T15:15:37+00:00","dateModified":"2019-02-10T11:14:27+00:00","breadcrumb":{"@id":"https:\/\/elkeradhuber.at\/?page_id=849#breadcrumb"},"inLanguage":"de-AT","potentialAction":[{"@type":"ReadAction","target":["https:\/\/elkeradhuber.at\/?page_id=849"]}]},{"@type":"BreadcrumbList","@id":"https:\/\/elkeradhuber.at\/?page_id=849#breadcrumb","itemListElement":[{"@type":"ListItem","position":1,"name":"Home","item":"https:\/\/elkeradhuber.at\/"},{"@type":"ListItem","position":2,"name":"03-04_Coaching&#038;Training__Resilienz"}]},{"@type":"WebSite","@id":"https:\/\/elkeradhuber.at\/#website","url":"https:\/\/elkeradhuber.at\/","name":"Mag. Elke Radhuber | Psychotherapie und Coaching","description":"Webseite zur Praxis f\u00fcr Psychotherapie und Coaching von Mag. Elke Radhuber","publisher":{"@id":"https:\/\/elkeradhuber.at\/#organization"},"alternateName":"Praxis f\u00fcr Psychotherapie und Coaching | Mag. Elke Radhuber","potentialAction":[{"@type":"SearchAction","target":{"@type":"EntryPoint","urlTemplate":"https:\/\/elkeradhuber.at\/?s={search_term_string}"},"query-input":{"@type":"PropertyValueSpecification","valueRequired":true,"valueName":"search_term_string"}}],"inLanguage":"de-AT"},{"@type":"Organization","@id":"https:\/\/elkeradhuber.at\/#organization","name":"Mag. Elke Radhuber | Praxis f\u00fcr Psychotherapie und Coaching","alternateName":"Praxis f\u00fcr Psychotherapie und Coaching | Mag. Elke Radhuber","url":"https:\/\/elkeradhuber.at\/","logo":{"@type":"ImageObject","inLanguage":"de-AT","@id":"https:\/\/elkeradhuber.at\/#\/schema\/logo\/image\/","url":"https:\/\/elkeradhuber.at\/wp-content\/uploads\/2020\/03\/elke_079_extended.jpg","contentUrl":"https:\/\/elkeradhuber.at\/wp-content\/uploads\/2020\/03\/elke_079_extended.jpg","width":1920,"height":1282,"caption":"Mag. Elke Radhuber | Praxis f\u00fcr Psychotherapie und Coaching"},"image":{"@id":"https:\/\/elkeradhuber.at\/#\/schema\/logo\/image\/"},"sameAs":["https:\/\/www.facebook.com\/psychotherapieradhuber\/","https:\/\/www.instagram.com\/elke_radhuber\/"]}]}},"_links":{"self":[{"href":"https:\/\/elkeradhuber.at\/index.php?rest_route=\/wp\/v2\/pages\/849","targetHints":{"allow":["GET"]}}],"collection":[{"href":"https:\/\/elkeradhuber.at\/index.php?rest_route=\/wp\/v2\/pages"}],"about":[{"href":"https:\/\/elkeradhuber.at\/index.php?rest_route=\/wp\/v2\/types\/page"}],"author":[{"embeddable":true,"href":"https:\/\/elkeradhuber.at\/index.php?rest_route=\/wp\/v2\/users\/2"}],"replies":[{"embeddable":true,"href":"https:\/\/elkeradhuber.at\/index.php?rest_route=%2Fwp%2Fv2%2Fcomments&post=849"}],"version-history":[{"count":47,"href":"https:\/\/elkeradhuber.at\/index.php?rest_route=\/wp\/v2\/pages\/849\/revisions"}],"predecessor-version":[{"id":1138,"href":"https:\/\/elkeradhuber.at\/index.php?rest_route=\/wp\/v2\/pages\/849\/revisions\/1138"}],"wp:attachment":[{"href":"https:\/\/elkeradhuber.at\/index.php?rest_route=%2Fwp%2Fv2%2Fmedia&parent=849"}],"curies":[{"name":"wp","href":"https:\/\/api.w.org\/{rel}","templated":true}]}}