{"id":5,"date":"2017-08-23T14:14:49","date_gmt":"2017-08-23T14:14:49","guid":{"rendered":"https:\/\/elkeradhuber.at\/?page_id=5"},"modified":"2020-03-09T12:07:58","modified_gmt":"2020-03-09T11:07:58","slug":"home","status":"publish","type":"page","link":"https:\/\/elkeradhuber.at\/","title":{"rendered":"HOME"},"content":{"rendered":"<div id=\"pl-5\"  class=\"panel-layout\" ><div id=\"pg-5-0\"  class=\"panel-grid panel-no-style\" ><div id=\"pgc-5-0-0\"  class=\"panel-grid-cell\" ><div id=\"panel-5-0-0-0\" class=\"so-panel widget widget_sow-editor panel-first-child panel-last-child\" data-index=\"0\" ><div\n\t\t\t\n\t\t\tclass=\"so-widget-sow-editor so-widget-sow-editor-base\"\n\t\t\t\n\t\t>\n<div class=\"siteorigin-widget-tinymce textwidget\">\n\t<div class=\"home-box\"><span class=\"home-boxheadline\">HERZLICH WILLKOMMEN<\/span><span class=\"home-boxtext\">\u201eJeder Mensch ist einzigartig. Wir brauchen daher individuelle L\u00f6sungen!\u201d<\/span><br \/>\n<span class=\"home-boxtext\">Auf den folgenden Seiten finden Sie Informationen zu meinem Angebot und zum Thema Psychotherapie.<\/span><br \/>\n<span class=\"home-boxtext\">Ich freue mich auf Ihre Kontaktaufnahme.<\/span><\/p>\n<\/div>\n<div class=\"home-articleheadlinebox\">\n<h1 class=\"home-articleheadline\">Psychotherapie<\/h1>\n<\/div>\n<div class=\"home-box home-doublebox_li clearfix grpelem\">\n<p><span class=\"home-boxheadline\">SIE M\u00d6CHTEN UNTERST\u00dcTZUNG?<\/span><\/p>\n<hr \/>\n<div class=\"home-boxtext\">Sie m\u00f6chten:<\/p>\n<ul class=\"a\">\n<li>eine Krise \u00fcberstehen?<\/li>\n<li>eine herausfordernde Lebensphase meistern?<\/li>\n<li>Unsicherheiten, \u00c4ngste, Widerst\u00e4nde, Hindernisse \u00fcberwinden?<\/li>\n<li>Klarheit und Stabilit\u00e4t?<\/li>\n<li>Beziehungsprobleme l\u00f6sen?<\/li>\n<li>Ihr Potenzial kennen und ausleben?<\/li>\n<li>Freudvoll leben?<\/li>\n<\/ul>\n<\/div>\n<p>&nbsp;<\/p>\n<\/div>\n<div class=\"home-doublebox_re clearfix grpelem\">\n<p><span class=\"home-boxheadline\">Was ist psychotherapie?<\/span><\/p>\n<hr \/>\n<div class=\"home-boxtext\">\n<p><span class=\"home-boxtext\"> Zusammen finden wir im psychotherapeutischen Prozess die\u00a0 f\u00fcr Sie passenden L\u00f6sungsstrategien.<\/span><\/p>\n<p>&nbsp;<\/p>\n<p><span class=\"home-boxtext\"> Psychotherapie:<\/span><\/p>\n<ul class=\"a\">\n<li style=\"list-style-type: none\">\n<ul class=\"a\">\n<li>ist ein wissenschaftlich fundiertes Heilverfahren,<br \/>\nmit dem seelisches Ungleichgewicht (z.B. Krankheiten, Symptome, Leidenszust\u00e4nde) ver\u00e4ndert werden kann.<\/li>\n<\/ul>\n<\/li>\n<\/ul>\n<p>&lt;li\"&gt;unterliegt in \u00d6sterreich dem Psychotherapiegesetz (inkl. absolute Verschwiegenheit).<\/p>\n<ul>\n<li>Allgemeine Informationen \u00fcber Psychotherapie erfahren Sie auch auf der Homepage vom \u00d6sterreichischen Berufsverband f\u00fcr <a title=\"Querverweis Berufsverband f\u00fcr Psychotherapie \u00d6BVP\" href=\"http:\/\/www.psychotherapie.at\/patientinnen\/ueber-psychotherapie\" target=\"_blank\" rel=\"noopener\"><span id=\"u5666-22\">Psychotherapie \u00d6BVP<\/span><\/a><\/li>\n<\/ul>\n<p>&nbsp;<\/p>\n<\/div>\n<p>&nbsp;<\/p>\n<\/div>\n<div class=\"home-articleheadlinebox\">\n<h1 class=\"home-articleheadline\">MEINE ARBEITSWEISE<\/h1>\n<\/div>\n<div class=\"home-box\">\n<p><span class=\"home-boxheadline\">Ihr Anliegen<\/span><\/p>\n<p><span class=\"home-boxtext\">Mein Angebot richtet sich an Sie, wenn Sie sich Linderung\/Heilung von seelischen\/psychosomatischen Beschwerden oder Begleitung in wichtigen Lebensphasen w\u00fcnschen. Wie in anderen Bereichen \u2013 wo man sich Hilfe von au\u00dfen holt (z.B. Arzt, Rechtsanwalt etc.) \u2013 stellt auch Psychotherapie eine M\u00f6glichkeit dar, sich zeitweilig zum Kl\u00e4ren bzw. Erreichen der eigenen Anliegen Unterst\u00fctzung zu holen. Sie entscheiden, welche Themen in welchem Umfang besprochen werden. Da eine Verbesserung m\u00f6glichst rasch sp\u00fcrbar sein soll, werden die Probleme zumeist im konkreten Kontext des Alltags (z.B. Arbeit, Beziehung, Symptome etc.) betrachtet.<\/span><\/p>\n<p><span class=\"home-boxheadline\">L\u00d6SUGEN ENTWICKELN<\/span><br \/>\n<span class=\"home-boxtext\">Ausgehend von Ihrem Anliegen, sehe ich es als meine Aufgabe an, Sie dabei zu unterst\u00fctzen, die f\u00fcr Sie passenden Strategien zu finden. Im Prozess werden verschiedene Perspektiven beleuchtet, Zusammenh\u00e4nge reflektiert und L\u00f6sungen entwickelt.<\/span><\/p>\n<p><span class=\"home-boxheadline\">POTENTIAL ERKUNDEN<\/span><br \/>\n<span class=\"home-boxtext\">Ausgehend von der Idee, dass jeder Mensch ein einzigartiges Spektrum an Erfahrungen gesammelt hat, gehe ich davon aus, dass auch die Kompetenzen von Vielf\u00e4ltigkeit und Einzigartigkeit gepr\u00e4gt sind. Ich nehme dem gegen\u00fcber eine anerkennende und wertsch\u00e4tzende Haltung ein und habe ein feines Sensorium f\u00fcr den Potenzialreichtum meiner Mitmenschen ausgebildet. Da ich meine KlientInnen auch als ExpertInnen ihrer selbst ansehe, biete ich hier meine Begleitung an: Mit einer ermunternden, wohlwollenden Umgebung soll die M\u00f6glichkeit geschaffen werden, (noch un)sichtbares Potenzial zu erkunden.<\/span><\/p>\n<p><span class=\"home-boxheadline\">IHRE ZIELE UND W\u00dcNSCHE<\/span><br \/>\n<span class=\"home-boxtext\">Ich gehe flexibel auf Ihre Schwerpunktsetzungen in den einzelnen Therapiesitzungen ein. Dabei hat sich eine Mischung aus strukturierter, methodischer Vorgehensweise und kreativen Freir\u00e4umen als zielf\u00fchrend gezeigt. So gibt es auch ausreichend Platz f\u00fcr \u201eNebenschaupl\u00e4tze\u201c ohne die eigentlichen Ziele aus den Augen zu verlieren.<\/span><\/p>\n<p><span class=\"home-boxheadline\">INDIVIDUELLE LEBENSREALIT\u00c4T UND KONTEXT<\/span><br \/>\n<span class=\"home-boxtext\">Jeder Mensch hat seine ganz individuellen Erlebnisse, Empfindungen und Sichtweisen. Offenheit und Empathie ist daher meine Grundpr\u00e4misse, um mich mit Ihnen gemeinsam auf die F\u00e4hrte ihrer Geschichte begeben zu k\u00f6nnen. In sicherer, vertrauensvoller Atmosph\u00e4re k\u00f6nnen auch neue Wege erforscht werden. Denn Krisen k\u00f6nnen auch die Chance bedeuten, neue Wege zu gehen, um (mehr) Lebensqualit\u00e4t zu finden.<\/span><\/p>\n<p><span class=\"home-boxheadline\">ERLEBNISSE AUS DER VERGANGENHEIT<\/span><br \/>\n<span class=\"home-boxtext\">Ereignisse und Erlebnisse aus der Vergangenheit k\u00f6nnen (m\u00fcssen aber nicht) ausf\u00fchrlich besprochen werden. In Anerkennung Ihrer leidvollen Erfahrung begleite ich Sie achtsam und stabilisierend dabei, Ihr Erleben in Worte zu fassen. Zudem k\u00f6nnen daraus resultierende Dynamiken und Haltungen reflektiert werden. Ebenso werden gewonnene Kompetenzen und Erkenntnisse erkundet.<\/span><\/p>\n<p><span class=\"home-boxheadline\">WERTSCH\u00c4TZENDE UND RESPEKTVOLLE UNTERST\u00dcTZUNG<\/span><br \/>\n<span class=\"home-boxtext\">Studien haben gezeigt, dass ein wesentlicher Faktor f\u00fcr einen guten Wirkverlauf eine gute KlientInnen-TherapeutInnen-Beziehung darstellt. Ein hilfreiches Klima ist ein wichtiges Fundament in meiner psychotherapeutischen Arbeit. Das zeigt sich unter anderem darin, dass Sie Ihre Gedanken in Ruhe entwickeln und Ihre Ideen unbefangen \u00e4u\u00dfern k\u00f6nnen. Ihr Tempo wird ber\u00fccksichtigt und Ihre Autonomie gew\u00fcrdigt. In meiner Arbeit ist mir wichtig, dass der therapeutische Prozess f\u00fcr Sie nachvollziehbar ist.<\/span><\/p>\n<p><span class=\"home-boxheadline\">F\u00d6RDERUNG EIGENER RESSOURCEN<\/span><br \/>\n<span class=\"home-boxtext\">In der systemischen Therapie arbeite ich u.a. mit dem ressourcenorientierten Ansatz. Das bedeutet, dass die F\u00f6rderung ihrer ganz pers\u00f6nlichen Quellen von Kraft und Wohlbefinden im Vordergrund stehen.<\/span><\/p>\n<p><span class=\"home-boxtext-bold\">Ich arbeite mit den Methoden der systemischen Therapie.<\/span><br \/>\n<span class=\"home-boxtext-bold\">Es besteht die M\u00f6glichkeit zur Kurztherapie als auch zur l\u00e4ngeren Begleitung.<\/span><\/p>\n<p><span class=\"home-boxtext\">Auf einen Blick - Im psychotherapeutischen Prozess:<\/span><\/p>\n<ul class=\"a\">\n<li>orientiere ich mich an Ihrem Anliegen<\/li>\n<li>ber\u00fccksichtige ich Ihre individuelle Lebensrealit\u00e4t und den Kontext<\/li>\n<li>erhalten Sie wertsch\u00e4tzende und respektvolle Unterst\u00fctzung<\/li>\n<li>gehe ich auf Ihre Ziele und W\u00fcnsche ein<\/li>\n<li>k\u00f6nnen gemeinsam die f\u00fcr Sie passende L\u00f6sungen entwickelt werden<\/li>\n<li>k\u00f6nnen (m\u00fcssen aber nicht) belastende Erlebnisse aus der Vergangenheit besprochen werden<\/li>\n<li>richtet sich ein Fokus auf die F\u00f6rderung Ihrer eigenen Ressourcen<\/li>\n<li>kann ihr Potenzial erkundet werden<\/li>\n<\/ul>\n<p>&nbsp;<\/p>\n<\/div>\n<div class=\"home-articleheadlinebox\">\n<h1 class=\"home-articleheadline\">COACHINGS - TRAININGS<\/h1>\n<\/div>\n<div class=\"home-box\">\n<p><span class=\"home-boxheadline\">Zur Entwicklung und Umsetzung beruflicher oder pers\u00f6nlicher Ziele!<\/span><\/p>\n<\/div>\n<div class=\"home-articleheadlinebox\">\n<h1 class=\"home-articleheadline\">MEIN BISHERIGER WEG<\/h1>\n<\/div>\n<div class=\"home-box\">\n<p><span class=\"home-boxheadline\">MOTIVATION<\/span><\/p>\n<hr \/>\n<p><span class=\"home-boxtext\">Ich arbeite gerne im pers\u00f6nlichen Kontakt, da mich Menschen und Zusammenh\u00e4nge schon immer interessiert haben. Aus meiner Sicht sind Themen rund um die menschliche Psyche hoch komplex und vielschichtig zu betrachten. Ich setze mich intensiv mit Fragen dazu auseinander, da das Streben nach mentaler Gesundheit bzw. Wohlbefinden aus meiner Sicht ein zutiefst legitimer menschlicher Wunsch ist. In Verwirklichung der psychotherapeutischen T\u00e4tigkeit bin ich gl\u00fccklich dar\u00fcber, hierzu einen Beitrag leisten zu k\u00f6nnen. Meine fr\u00fchere jahrzehntelange Lebens- und Berufserfahrung war f\u00fcr mich ein wichtiger Entwicklungsprozess, um mich heute der psychotherapeutischen T\u00e4tigkeit als Berufung widmen zu k\u00f6nnen.<\/span>\n<\/div>\n<p>&nbsp;<\/p>\n<div class=\"home-box\">\n<span class=\"home-boxheadline\">DIE ECKDATEN<\/span><\/p>\n<hr \/>\n<p><span class=\"home-boxtextheadline\">Jahrgang 1977, \u00fcber 25 Jahre Berufserfahrung<\/span><br \/>\n<span class=\"home-boxtext\">Geboren in Ober\u00f6sterreich zog ich 2002 nach Wien. Ich blicke nunmehr auf \u00fcber 25 Jahre Berufserfahrung zur\u00fcck: 18 Jahre in Angestelltenverh\u00e4ltnissen in unterschiedlichen Hierarchie-ebenen und mehrere Jahre als Selbst\u00e4ndige. Daher kenne ich verschiedene Branchen- und Hierarchiekulturen. Seit 2008 halte ich regelm\u00e4\u00dfig Seminare und Vortr\u00e4ge.<\/span><br \/>\n&nbsp;<br \/>\n<span class=\"home-boxtextheadline\">Studium Kommunikationswissenschaft<\/span><br \/>\n<span class=\"home-boxtext\">2009 schloss ich mit Magistra der Philosophie das Studium Publizistik und Kommunikationswissenschaft mit der F\u00e4cherkombination Theater-, Film und Medienwissenschaft sowie Politikwissenschaft ab.<\/span><br \/>\n&nbsp;<br \/>\n<span class=\"home-boxtextheadline\">Psychotherapeutin<\/span><br \/>\n<span class=\"home-boxtext\">Ich bin eingetragene Psychotherapeutin nach \u00f6sterreichischen Psychotherapiegesetz. Derzeit arbeite ich ausschlie\u00dflich in freier Praxis, da es mir wichtig ist, Zeit und Energie f\u00fcr meine KlientInnen zu haben. Zuvor konnte ich vielf\u00e4ltige psychotherapeutische Praxiserfahrung im institutionellen Kontext sammeln (Otto-Wagner Spital, SMZ-Ost, Paar- und Familientherapie, Kinder und Jugendarbeit).<br \/>\nPassend zu den Anliegen und Vorlieben meiner KlientInnen stimme ich meine Arbeitsweise ganz individuell auf die pers\u00f6nlichen Bed\u00fcrfnissen ab. Dabei kann ich auf mein vielf\u00e4ltiges Methoden-Repertoire zur\u00fcck greifen: Systemische Methoden, K\u00f6rperorientierte Techniken, L\u00f6sungs- und Fokussierende Methoden, Timeline-Arbeit, Hypnose nach M. Erickson, Aufstellungsarbeiten (zB Bodenanker Aufstellung, Familienbrett, Strukturaufstellungen etc.), l\u00f6sungsorientierte Kurzzeit-Therapie, etc.<br \/>\nIch arbeite gerne vielf\u00e4ltig und bin daher thematisch breit aufgestellt. Themen rund um (unerf\u00fcllten) Beziehungswunsch, Partnerschaftsthemen, Konflikte, Arbeits- und Karrierethemen, Ersch\u00f6pfung, Burnout, Depression, Angst und Panikzust\u00e4nde sowie traumatische Erlebnisse spielen in meiner Arbeit eine besonders h\u00e4ufige Rolle.<\/span><\/p>\n<\/div>\n<div class=\"home-box\">\n<span class=\"home-boxheadline\">Mehr zu formale Bildungsabschl\u00fcsse- hier klicken.<\/span><\/p>\n<hr \/>\n<p><span class=\"home-boxtextheadline\">Formale Bildungsabschl\u00fcsse<\/span><br \/>\n<span class=\"home-boxtextheadline\">Fachspezifikum \u201eSystemische Familientherapie,\u201c<\/span><br \/>\n<span class=\"home-boxtext\"><strong>Fachspezifikum \u201eSystemische Familientherapie\u201c<\/strong>, \u00d6AS, Wien<br \/>\nSowie erfolgte Eintragung in die Berufsliste beim Bundesministerium f\u00fcr Gesundheit und Frauen<\/span><br \/>\n&nbsp;<br \/>\n<span class=\"home-boxtextheadline\">Studium Kommunikationswissenschaft<\/span><br \/>\n<span class=\"home-boxtext\">2009 schloss ich mit Magistra der Philosophie das Studium Publizistik und Kommunikationswissenschaft mit der F\u00e4cherkombination Theater-, Film und Medienwissenschaft sowie Politikwissenschaft ab.<\/span><br \/>\n&nbsp;<br \/>\n<span class=\"home-boxtextheadline\">Psychotherapeutin<\/span><br \/>\n<span class=\"home-boxtext\">Ich bin eingetragene Psychotherapeutin nach \u00f6sterreichischen Psychotherapiegesetz. Derzeit arbeite ich ausschlie\u00dflich in freier Praxis, da es mir wichtig ist, Zeit und Energie f\u00fcr meine KlientInnen zu haben. Zuvor konnte ich vielf\u00e4ltige psychotherapeutische Praxiserfahrung im institutionellen Kontext sammeln (Otto-Wagner Spital, SMZ-Ost, Paar- und Familientherapie, Kinder und Jugendarbeit).<br \/>\nPassend zu den Anliegen und Vorlieben meiner KlientInnen stimme ich meine Arbeitsweise ganz individuell auf die pers\u00f6nlichen Bed\u00fcrfnissen ab. Dabei kann ich auf mein vielf\u00e4ltiges Methoden-Repertoire zur\u00fcck greifen: Systemische Methoden, K\u00f6rperorientierte Techniken, L\u00f6sungs- und Fokussierende Methoden, Timeline-Arbeit, Hypnose nach M. Erickson, Aufstellungsarbeiten (zB Bodenanker Aufstellung, Familienbrett, Strukturaufstellungen etc.), l\u00f6sungsorientierte Kurzzeit-Therapie, etc.<br \/>\nIch arbeite gerne vielf\u00e4ltig und bin daher thematisch breit aufgestellt. Themen rund um (unerf\u00fcllten) Beziehungswunsch, Partnerschaftsthemen, Konflikte, Arbeits- und Karrierethemen, Ersch\u00f6pfung, Burnout, Depression, Angst und Panikzust\u00e4nde sowie traumatische Erlebnisse spielen in meiner Arbeit eine besonders h\u00e4ufige Rolle.<\/span><\/p>\n<\/div>\n<\/div>\n<\/div><\/div><\/div><\/div><div id=\"pg-5-1\"  class=\"panel-grid panel-no-style\" ><div id=\"pgc-5-1-0\"  class=\"panel-grid-cell\" ><div id=\"panel-5-1-0-0\" class=\"so-panel widget widget_black-studio-tinymce widget_black_studio_tinymce panel-first-child panel-last-child\" data-index=\"1\" ><h3 class=\"widget-title\">Willkommen<\/h3><div class=\"textwidget\"><div class=\"home-box\">\n<span class=\"home-boxheadline\">HERZLICH WILLKOMMEN<\/span><\/p>\n<p><span class=\"home-boxtext\">\u201eJeder Mensch ist einzigartig. Wir brauchen daher individuelle L\u00f6sungen!\u201d<\/span><br \/>\n<span class=\"home-boxtext\">Auf den folgenden Seiten\u00a0 finden Sie\u00a0 Informationen zu meinem Angebot und zum Thema Psychotherapie.<\/span><br \/>\n<span class=\"home-boxtext\">Ich freue mich auf Ihre Kontaktaufnahme.<\/span><\/p>\n<\/div>\n<\/div><\/div><\/div><\/div><div id=\"pg-5-2\"  class=\"panel-grid panel-has-style\" ><div class=\"panel-row-style panel-row-style-for-5-2\" ><div id=\"pgc-5-2-0\"  class=\"panel-grid-cell\" ><div id=\"panel-5-2-0-0\" class=\"so-panel widget widget_particle_widget panel-first-child panel-last-child\" data-index=\"2\" ><div id=\"-widget-undefined-200-particle\" class=\"g-particle\">            <div class=\"alert alert-error\"><strong>Missing content:<\/strong> 'undefined' particle cannot be found.<\/div>\n            <\/div><\/div><\/div><\/div><\/div><\/div>","protected":false},"excerpt":{"rendered":"<p>HERZLICH WILLKOMMEN\u201eJeder Mensch ist einzigartig. Wir brauchen daher individuelle L\u00f6sungen!\u201d Auf den folgenden Seiten finden Sie Informationen zu meinem Angebot und zum Thema Psychotherapie. Ich freue mich auf Ihre Kontaktaufnahme. Psychotherapie SIE M\u00d6CHTEN UNTERST\u00dcTZUNG? Sie m\u00f6chten: eine Krise \u00fcberstehen? eine herausfordernde Lebensphase meistern? Unsicherheiten, \u00c4ngste, Widerst\u00e4nde, Hindernisse \u00fcberwinden? Klarheit und Stabilit\u00e4t? Beziehungsprobleme l\u00f6sen? Ihr Potenzial [&hellip;]<\/p>\n","protected":false},"author":2,"featured_media":0,"parent":0,"menu_order":0,"comment_status":"closed","ping_status":"closed","template":"","meta":{"footnotes":""},"class_list":["post-5","page","type-page","status-publish","hentry"],"yoast_head":"<!-- This site is optimized with the Yoast SEO plugin v26.2 - https:\/\/yoast.com\/wordpress\/plugins\/seo\/ -->\n<title>HOME | Mag. Elke Radhuber | Psychotherapie und Coaching<\/title>\n<meta name=\"robots\" content=\"index, follow, max-snippet:-1, max-image-preview:large, max-video-preview:-1\" \/>\n<link rel=\"canonical\" href=\"https:\/\/elkeradhuber.at\/\" \/>\n<meta property=\"og:locale\" content=\"de_DE\" \/>\n<meta property=\"og:type\" content=\"article\" \/>\n<meta property=\"og:title\" content=\"HOME | Mag. Elke Radhuber | Psychotherapie und Coaching\" \/>\n<meta property=\"og:description\" content=\"HERZLICH WILLKOMMEN\u201eJeder Mensch ist einzigartig. Wir brauchen daher individuelle L\u00f6sungen!\u201d Auf den folgenden Seiten finden Sie Informationen zu meinem Angebot und zum Thema Psychotherapie. Ich freue mich auf Ihre Kontaktaufnahme. Psychotherapie SIE M\u00d6CHTEN UNTERST\u00dcTZUNG? Sie m\u00f6chten: eine Krise \u00fcberstehen? eine herausfordernde Lebensphase meistern? Unsicherheiten, \u00c4ngste, Widerst\u00e4nde, Hindernisse \u00fcberwinden? Klarheit und Stabilit\u00e4t? Beziehungsprobleme l\u00f6sen? Ihr Potenzial [&hellip;]\" \/>\n<meta property=\"og:url\" content=\"https:\/\/elkeradhuber.at\/\" \/>\n<meta property=\"og:site_name\" content=\"Mag. Elke Radhuber | Psychotherapie und Coaching\" \/>\n<meta property=\"article:publisher\" content=\"https:\/\/www.facebook.com\/psychotherapieradhuber\/\" \/>\n<meta property=\"article:modified_time\" content=\"2020-03-09T11:07:58+00:00\" \/>\n<meta property=\"og:image\" content=\"https:\/\/elkeradhuber.at\/wp-content\/uploads\/2025\/10\/Praxis_Mag_Elke_Radhuber_1200x675px.png\" \/>\n\t<meta property=\"og:image:width\" content=\"1200\" \/>\n\t<meta property=\"og:image:height\" content=\"675\" \/>\n\t<meta property=\"og:image:type\" content=\"image\/png\" \/>\n<meta name=\"twitter:card\" content=\"summary_large_image\" \/>\n<meta name=\"twitter:label1\" content=\"Gesch\u00e4tzte Lesezeit\" \/>\n\t<meta name=\"twitter:data1\" content=\"7 Minuten\" \/>\n<script type=\"application\/ld+json\" class=\"yoast-schema-graph\">{\"@context\":\"https:\/\/schema.org\",\"@graph\":[{\"@type\":\"WebPage\",\"@id\":\"https:\/\/elkeradhuber.at\/\",\"url\":\"https:\/\/elkeradhuber.at\/\",\"name\":\"HOME | Mag. Elke Radhuber | Psychotherapie und Coaching\",\"isPartOf\":{\"@id\":\"https:\/\/elkeradhuber.at\/#website\"},\"datePublished\":\"2017-08-23T14:14:49+00:00\",\"dateModified\":\"2020-03-09T11:07:58+00:00\",\"breadcrumb\":{\"@id\":\"https:\/\/elkeradhuber.at\/#breadcrumb\"},\"inLanguage\":\"de-AT\",\"potentialAction\":[{\"@type\":\"ReadAction\",\"target\":[\"https:\/\/elkeradhuber.at\/\"]}]},{\"@type\":\"BreadcrumbList\",\"@id\":\"https:\/\/elkeradhuber.at\/#breadcrumb\",\"itemListElement\":[{\"@type\":\"ListItem\",\"position\":1,\"name\":\"Home\",\"item\":\"https:\/\/elkeradhuber.at\/\"},{\"@type\":\"ListItem\",\"position\":2,\"name\":\"HOME\"}]},{\"@type\":\"WebSite\",\"@id\":\"https:\/\/elkeradhuber.at\/#website\",\"url\":\"https:\/\/elkeradhuber.at\/\",\"name\":\"Mag. Elke Radhuber | Psychotherapie und Coaching\",\"description\":\"Webseite zur Praxis f\u00fcr Psychotherapie und Coaching von Mag. Elke Radhuber\",\"publisher\":{\"@id\":\"https:\/\/elkeradhuber.at\/#organization\"},\"alternateName\":\"Praxis f\u00fcr Psychotherapie und Coaching | Mag. Elke Radhuber\",\"potentialAction\":[{\"@type\":\"SearchAction\",\"target\":{\"@type\":\"EntryPoint\",\"urlTemplate\":\"https:\/\/elkeradhuber.at\/?s={search_term_string}\"},\"query-input\":{\"@type\":\"PropertyValueSpecification\",\"valueRequired\":true,\"valueName\":\"search_term_string\"}}],\"inLanguage\":\"de-AT\"},{\"@type\":\"Organization\",\"@id\":\"https:\/\/elkeradhuber.at\/#organization\",\"name\":\"Mag. Elke Radhuber | Praxis f\u00fcr Psychotherapie und Coaching\",\"alternateName\":\"Praxis f\u00fcr Psychotherapie und Coaching | Mag. Elke Radhuber\",\"url\":\"https:\/\/elkeradhuber.at\/\",\"logo\":{\"@type\":\"ImageObject\",\"inLanguage\":\"de-AT\",\"@id\":\"https:\/\/elkeradhuber.at\/#\/schema\/logo\/image\/\",\"url\":\"https:\/\/elkeradhuber.at\/wp-content\/uploads\/2020\/03\/elke_079_extended.jpg\",\"contentUrl\":\"https:\/\/elkeradhuber.at\/wp-content\/uploads\/2020\/03\/elke_079_extended.jpg\",\"width\":1920,\"height\":1282,\"caption\":\"Mag. Elke Radhuber | Praxis f\u00fcr Psychotherapie und Coaching\"},\"image\":{\"@id\":\"https:\/\/elkeradhuber.at\/#\/schema\/logo\/image\/\"},\"sameAs\":[\"https:\/\/www.facebook.com\/psychotherapieradhuber\/\",\"https:\/\/www.instagram.com\/elke_radhuber\/\"]}]}<\/script>\n<!-- \/ Yoast SEO plugin. -->","yoast_head_json":{"title":"HOME | Mag. Elke Radhuber | Psychotherapie und Coaching","robots":{"index":"index","follow":"follow","max-snippet":"max-snippet:-1","max-image-preview":"max-image-preview:large","max-video-preview":"max-video-preview:-1"},"canonical":"https:\/\/elkeradhuber.at\/","og_locale":"de_DE","og_type":"article","og_title":"HOME | Mag. Elke Radhuber | Psychotherapie und Coaching","og_description":"HERZLICH WILLKOMMEN\u201eJeder Mensch ist einzigartig. Wir brauchen daher individuelle L\u00f6sungen!\u201d Auf den folgenden Seiten finden Sie Informationen zu meinem Angebot und zum Thema Psychotherapie. Ich freue mich auf Ihre Kontaktaufnahme. Psychotherapie SIE M\u00d6CHTEN UNTERST\u00dcTZUNG? Sie m\u00f6chten: eine Krise \u00fcberstehen? eine herausfordernde Lebensphase meistern? Unsicherheiten, \u00c4ngste, Widerst\u00e4nde, Hindernisse \u00fcberwinden? Klarheit und Stabilit\u00e4t? Beziehungsprobleme l\u00f6sen? Ihr Potenzial [&hellip;]","og_url":"https:\/\/elkeradhuber.at\/","og_site_name":"Mag. Elke Radhuber | Psychotherapie und Coaching","article_publisher":"https:\/\/www.facebook.com\/psychotherapieradhuber\/","article_modified_time":"2020-03-09T11:07:58+00:00","og_image":[{"width":1200,"height":675,"url":"https:\/\/elkeradhuber.at\/wp-content\/uploads\/2025\/10\/Praxis_Mag_Elke_Radhuber_1200x675px.png","type":"image\/png"}],"twitter_card":"summary_large_image","twitter_misc":{"Gesch\u00e4tzte Lesezeit":"7 Minuten"},"schema":{"@context":"https:\/\/schema.org","@graph":[{"@type":"WebPage","@id":"https:\/\/elkeradhuber.at\/","url":"https:\/\/elkeradhuber.at\/","name":"HOME | Mag. Elke Radhuber | Psychotherapie und Coaching","isPartOf":{"@id":"https:\/\/elkeradhuber.at\/#website"},"datePublished":"2017-08-23T14:14:49+00:00","dateModified":"2020-03-09T11:07:58+00:00","breadcrumb":{"@id":"https:\/\/elkeradhuber.at\/#breadcrumb"},"inLanguage":"de-AT","potentialAction":[{"@type":"ReadAction","target":["https:\/\/elkeradhuber.at\/"]}]},{"@type":"BreadcrumbList","@id":"https:\/\/elkeradhuber.at\/#breadcrumb","itemListElement":[{"@type":"ListItem","position":1,"name":"Home","item":"https:\/\/elkeradhuber.at\/"},{"@type":"ListItem","position":2,"name":"HOME"}]},{"@type":"WebSite","@id":"https:\/\/elkeradhuber.at\/#website","url":"https:\/\/elkeradhuber.at\/","name":"Mag. Elke Radhuber | Psychotherapie und Coaching","description":"Webseite zur Praxis f\u00fcr Psychotherapie und Coaching von Mag. Elke Radhuber","publisher":{"@id":"https:\/\/elkeradhuber.at\/#organization"},"alternateName":"Praxis f\u00fcr Psychotherapie und Coaching | Mag. Elke Radhuber","potentialAction":[{"@type":"SearchAction","target":{"@type":"EntryPoint","urlTemplate":"https:\/\/elkeradhuber.at\/?s={search_term_string}"},"query-input":{"@type":"PropertyValueSpecification","valueRequired":true,"valueName":"search_term_string"}}],"inLanguage":"de-AT"},{"@type":"Organization","@id":"https:\/\/elkeradhuber.at\/#organization","name":"Mag. Elke Radhuber | Praxis f\u00fcr Psychotherapie und Coaching","alternateName":"Praxis f\u00fcr Psychotherapie und Coaching | Mag. Elke Radhuber","url":"https:\/\/elkeradhuber.at\/","logo":{"@type":"ImageObject","inLanguage":"de-AT","@id":"https:\/\/elkeradhuber.at\/#\/schema\/logo\/image\/","url":"https:\/\/elkeradhuber.at\/wp-content\/uploads\/2020\/03\/elke_079_extended.jpg","contentUrl":"https:\/\/elkeradhuber.at\/wp-content\/uploads\/2020\/03\/elke_079_extended.jpg","width":1920,"height":1282,"caption":"Mag. Elke Radhuber | Praxis f\u00fcr Psychotherapie und Coaching"},"image":{"@id":"https:\/\/elkeradhuber.at\/#\/schema\/logo\/image\/"},"sameAs":["https:\/\/www.facebook.com\/psychotherapieradhuber\/","https:\/\/www.instagram.com\/elke_radhuber\/"]}]}},"_links":{"self":[{"href":"https:\/\/elkeradhuber.at\/index.php?rest_route=\/wp\/v2\/pages\/5","targetHints":{"allow":["GET"]}}],"collection":[{"href":"https:\/\/elkeradhuber.at\/index.php?rest_route=\/wp\/v2\/pages"}],"about":[{"href":"https:\/\/elkeradhuber.at\/index.php?rest_route=\/wp\/v2\/types\/page"}],"author":[{"embeddable":true,"href":"https:\/\/elkeradhuber.at\/index.php?rest_route=\/wp\/v2\/users\/2"}],"replies":[{"embeddable":true,"href":"https:\/\/elkeradhuber.at\/index.php?rest_route=%2Fwp%2Fv2%2Fcomments&post=5"}],"version-history":[{"count":16,"href":"https:\/\/elkeradhuber.at\/index.php?rest_route=\/wp\/v2\/pages\/5\/revisions"}],"predecessor-version":[{"id":1174,"href":"https:\/\/elkeradhuber.at\/index.php?rest_route=\/wp\/v2\/pages\/5\/revisions\/1174"}],"wp:attachment":[{"href":"https:\/\/elkeradhuber.at\/index.php?rest_route=%2Fwp%2Fv2%2Fmedia&parent=5"}],"curies":[{"name":"wp","href":"https:\/\/api.w.org\/{rel}","templated":true}]}}