{"id":107,"date":"2018-01-04T14:57:22","date_gmt":"2018-01-04T14:57:22","guid":{"rendered":"https:\/\/elkeradhuber.at\/?page_id=107"},"modified":"2019-02-10T10:46:39","modified_gmt":"2019-02-10T10:46:39","slug":"coaching","status":"publish","type":"page","link":"https:\/\/elkeradhuber.at\/?page_id=107","title":{"rendered":"03-01_Coaching&#038;Training__Coaching"},"content":{"rendered":"<div id=\"pl-107\"  class=\"panel-layout\" ><div id=\"pg-107-0\"  class=\"panel-grid panel-no-style\" ><div id=\"pgc-107-0-0\"  class=\"panel-grid-cell\" ><div id=\"panel-107-0-0-0\" class=\"so-panel widget widget_sow-editor panel-first-child panel-last-child\" data-index=\"0\" ><div\n\t\t\t\n\t\t\tclass=\"so-widget-sow-editor so-widget-sow-editor-base\"\n\t\t\t\n\t\t>\n<div class=\"siteorigin-widget-tinymce textwidget\">\n\t<p><span class=\"home-boxheadline\">Coaching-Inhalte<\/span><\/p>\n<p><span class=\"home-boxtext\">Da Wirtschaft und Markt ein vom Menschen erzeugtes Konstrukt ist, gibt es naturgem\u00e4\u00df Wechselwirkungen: Der Mensch und sein mentaler Zustand nimmt somit auf wirtschaftlichen Faktoren Einfluss und mitunter auch umgekehrt.. Insofern ist die private Dimension h\u00e4ufig nicht trennbar von der beruflichen Dimension. Daher k\u00f6nnen bei beruflichen Einzel-Coachings (die ich beispielsweise f\u00fcr Firmenkunden anbiete), auch private Themen Platz finden. Nachstehend eine Auswahl an m\u00f6glichen Coaching-Themen:<\/span><\/p>\n<p><img decoding=\"async\" class=\"aligncenter\" src=\"https:\/\/elkeradhuber.at\/wp-content\/themes\/g5_helium-child\/custom\/images\/03_Coaching_Training\/01_Coaching\/world-coaching1-crop-u8995.jpg\" alt=\"Karte\" \/><\/p>\n<ul class=\"a\" style=\"text-align: justify;\">\n<li>L\u00f6sungen f\u00fcr ein konkretes Anliegen<br \/>\nz.B. Orientierungs- u. Motivationsthemen, Entscheidungsthemen, Umgang mit Misserfolg etc.<\/li>\n<li>Jobengagement vs. Burnout<br \/>\nBurnout-Prophylaxe oder bei Akutphasen<\/li>\n<li>Potenzialverwirklichung<br \/>\nReflexion \u00fcber IST-Zustand: Woher komme ich, wer bin ich und wo will ich hin?<br \/>\nZiele entwickeln, gewollte Wege stabilisieren bzw. auszubauen oder neue zu beschreiten<\/li>\n<li>Ver\u00e4nderungen<br \/>\nKarrierecoaching z.B. Gestaltung der eigenen Rolle in einer neuen Position<br \/>\nPassende Identit\u00e4t, Haltung und Kommunikation finden bei einer Unternehmensgr\u00fcndung<\/li>\n<li>Beziehungsthemen \/ Konflikte<br \/>\nBei Konflikten oder schwierigen Beziehungen zu ChefInnen, KollegInnen, KundInnen\/Mitglieder etc.<br \/>\nEinen f\u00fcr sich passenden Umgang mit verschiedenen Pers\u00f6nlichkeitsstilen finden.<\/li>\n<\/ul>\n<p>&nbsp;<\/p>\n<\/div>\n<\/div><\/div><\/div><\/div><div id=\"pg-107-1\"  class=\"panel-grid panel-no-style\" ><div id=\"pgc-107-1-0\"  class=\"panel-grid-cell\" ><div id=\"panel-107-1-0-0\" class=\"so-panel widget widget_sow-editor panel-first-child panel-last-child\" data-index=\"1\" ><div\n\t\t\t\n\t\t\tclass=\"so-widget-sow-editor so-widget-sow-editor-base\"\n\t\t\t\n\t\t>\n<div class=\"siteorigin-widget-tinymce textwidget\">\n\t<p><span class=\"home-boxheadline\">Arbeitsweise<br \/>\n<\/span><br \/>\n<span class=\"home-boxtext\">Ich arbeite mit vielf\u00e4ltigen systemischen Methoden und lasse neurowissenschaftliche Erkenntnisse einflie\u00dfen. Je nach pers\u00f6nlicher Vorliebe und Thema kommen zum Einsatz:<\/span><\/p>\n<ul class=\"a\">\n<li> Fragetechniken zur Perspektivenerweiterung und Potential Exploration<\/li>\n<p><\/p>\n<li>L\u00f6sungsfindungs \u2013 und fokussierende Techniken<\/li>\n<p><\/p>\n<li>Vertiefungs- und L\u00f6sungstechniken wie Hypnose-Methoden nach M. Erickson<\/li>\n<p><\/p>\n<li>K\u00f6rperorientierte Techniken zB zur Entspannung oder Leistungs- und Konzentrationssteigerung<\/li>\n<p><\/p>\n<li>Visualisierende und darstellende Methoden<\/li>\n<\/ul>\n<\/div>\n<\/div><\/div><\/div><div id=\"pgc-107-1-1\"  class=\"panel-grid-cell\" ><div id=\"panel-107-1-1-0\" class=\"so-panel widget widget_sow-image panel-first-child panel-last-child\" data-index=\"2\" ><div class=\"panel-widget-style panel-widget-style-for-107-1-1-0\" ><div\n\t\t\t\n\t\t\tclass=\"so-widget-sow-image so-widget-sow-image-default-e4c2d9f6c920-107\"\n\t\t\t\n\t\t>\n<div class=\"sow-image-container\">\n\t\t<img \n\tsrc=\"gantry-media:\/\/03_Coaching_Training\/01_Coaching\/gipfel-coaching2-crop-u8478.jpg\" title=\"03-01_Coaching&#038;Training__Coaching\" alt=\"Gipfel Bergsteigen Coaching\" \t\tclass=\"so-widget-image\"\/>\n\t<\/div>\n\n<\/div><\/div><\/div><\/div><\/div><div id=\"pg-107-2\"  class=\"panel-grid panel-no-style\" ><div id=\"pgc-107-2-0\"  class=\"panel-grid-cell\" ><div id=\"panel-107-2-0-0\" class=\"so-panel widget widget_sow-image panel-first-child panel-last-child\" data-index=\"3\" ><div class=\"panel-widget-style panel-widget-style-for-107-2-0-0\" ><div\n\t\t\t\n\t\t\tclass=\"so-widget-sow-image so-widget-sow-image-default-4e6925654b7a-107\"\n\t\t\t\n\t\t>\n<div class=\"sow-image-container\">\n\t\t<img \n\tsrc=\"gantry-media:\/\/03_Coaching_Training\/01_Coaching\/tie-690084_1280-crop-u8484.jpg\" title=\"03-01_Coaching&#038;Training__Coaching\" alt=\"Krawatte Anzug Business Coaching\" \t\tclass=\"so-widget-image\"\/>\n\t<\/div>\n\n<\/div><\/div><\/div><\/div><div id=\"pgc-107-2-1\"  class=\"panel-grid-cell\" ><div id=\"panel-107-2-1-0\" class=\"so-panel widget widget_black-studio-tinymce widget_black_studio_tinymce panel-first-child panel-last-child\" data-index=\"4\" ><div class=\"textwidget\"><p>\n<span class=\"home-boxheadline\" style=\"padding-left:45px\">Grunds\u00e4tze<\/span><br \/>\n<\/p>\n<ul class=\"a\">\n<li>Absolute Verschwiegenheit bzgl. s\u00e4mtlicher Inhalte.<\/li>\n<p><\/p>\n<li>Beim Coaching begleite ich Sie zu Ihren individuellen L\u00f6sungen.<\/li>\n<p><\/p>\n<li>Ich betrachte den\/die Coachee als ExpertIn seiner\/ihrer selbst, d.h. im Coachingprozess geht es darum, die f\u00fcr sich individuell passenden Antworten zu finden, hilfreiche Strategien und L\u00f6sungen zu entwickeln.<\/li>\n<p><\/p>\n<li>Mit verschiedenen Methoden werden sogenannte Ressourcen und L\u00f6sungsans\u00e4tze freigelegt bzw. gemeinsam entwickelt.<\/li>\n<\/ul>\n<\/div><\/div><\/div><\/div><\/div>","protected":false},"excerpt":{"rendered":"<p>Coaching-Inhalte Da Wirtschaft und Markt ein vom Menschen erzeugtes Konstrukt ist, gibt es naturgem\u00e4\u00df Wechselwirkungen: Der Mensch und sein mentaler Zustand nimmt somit auf wirtschaftlichen Faktoren Einfluss und mitunter auch umgekehrt.. Insofern ist die private Dimension h\u00e4ufig nicht trennbar von der beruflichen Dimension. Daher k\u00f6nnen bei beruflichen Einzel-Coachings (die ich beispielsweise f\u00fcr Firmenkunden anbiete), auch [&hellip;]<\/p>\n","protected":false},"author":2,"featured_media":0,"parent":0,"menu_order":0,"comment_status":"closed","ping_status":"closed","template":"","meta":{"footnotes":""},"class_list":["post-107","page","type-page","status-publish","hentry"],"yoast_head":"<!-- This site is optimized with the Yoast SEO plugin v26.2 - https:\/\/yoast.com\/wordpress\/plugins\/seo\/ -->\n<title>03-01_Coaching&amp;Training__Coaching | Mag. Elke Radhuber | Psychotherapie und Coaching<\/title>\n<meta name=\"robots\" content=\"index, follow, max-snippet:-1, max-image-preview:large, max-video-preview:-1\" \/>\n<link rel=\"canonical\" href=\"https:\/\/elkeradhuber.at\/?page_id=107\" \/>\n<meta property=\"og:locale\" content=\"de_DE\" \/>\n<meta property=\"og:type\" content=\"article\" \/>\n<meta property=\"og:title\" content=\"03-01_Coaching&amp;Training__Coaching | Mag. Elke Radhuber | Psychotherapie und Coaching\" \/>\n<meta property=\"og:description\" content=\"Coaching-Inhalte Da Wirtschaft und Markt ein vom Menschen erzeugtes Konstrukt ist, gibt es naturgem\u00e4\u00df Wechselwirkungen: Der Mensch und sein mentaler Zustand nimmt somit auf wirtschaftlichen Faktoren Einfluss und mitunter auch umgekehrt.. Insofern ist die private Dimension h\u00e4ufig nicht trennbar von der beruflichen Dimension. Daher k\u00f6nnen bei beruflichen Einzel-Coachings (die ich beispielsweise f\u00fcr Firmenkunden anbiete), auch [&hellip;]\" \/>\n<meta property=\"og:url\" content=\"https:\/\/elkeradhuber.at\/?page_id=107\" \/>\n<meta property=\"og:site_name\" content=\"Mag. Elke Radhuber | Psychotherapie und Coaching\" \/>\n<meta property=\"article:publisher\" content=\"https:\/\/www.facebook.com\/psychotherapieradhuber\/\" \/>\n<meta property=\"article:modified_time\" content=\"2019-02-10T10:46:39+00:00\" \/>\n<meta property=\"og:image\" content=\"\" \/>\n<meta name=\"twitter:card\" content=\"summary_large_image\" \/>\n<meta name=\"twitter:label1\" content=\"Gesch\u00e4tzte Lesezeit\" \/>\n\t<meta name=\"twitter:data1\" content=\"2 Minuten\" \/>\n<script type=\"application\/ld+json\" class=\"yoast-schema-graph\">{\"@context\":\"https:\/\/schema.org\",\"@graph\":[{\"@type\":\"WebPage\",\"@id\":\"https:\/\/elkeradhuber.at\/?page_id=107\",\"url\":\"https:\/\/elkeradhuber.at\/?page_id=107\",\"name\":\"03-01_Coaching&Training__Coaching | Mag. Elke Radhuber | Psychotherapie und Coaching\",\"isPartOf\":{\"@id\":\"https:\/\/elkeradhuber.at\/#website\"},\"primaryImageOfPage\":{\"@id\":\"https:\/\/elkeradhuber.at\/?page_id=107#primaryimage\"},\"image\":{\"@id\":\"https:\/\/elkeradhuber.at\/?page_id=107#primaryimage\"},\"thumbnailUrl\":\"gantry-media:\/\/03_Coaching_Training\/01_Coaching\/world-coaching1-crop-u8995.jpg\",\"datePublished\":\"2018-01-04T14:57:22+00:00\",\"dateModified\":\"2019-02-10T10:46:39+00:00\",\"breadcrumb\":{\"@id\":\"https:\/\/elkeradhuber.at\/?page_id=107#breadcrumb\"},\"inLanguage\":\"de-AT\",\"potentialAction\":[{\"@type\":\"ReadAction\",\"target\":[\"https:\/\/elkeradhuber.at\/?page_id=107\"]}]},{\"@type\":\"ImageObject\",\"inLanguage\":\"de-AT\",\"@id\":\"https:\/\/elkeradhuber.at\/?page_id=107#primaryimage\",\"url\":\"gantry-media:\/\/03_Coaching_Training\/01_Coaching\/world-coaching1-crop-u8995.jpg\",\"contentUrl\":\"gantry-media:\/\/03_Coaching_Training\/01_Coaching\/world-coaching1-crop-u8995.jpg\"},{\"@type\":\"BreadcrumbList\",\"@id\":\"https:\/\/elkeradhuber.at\/?page_id=107#breadcrumb\",\"itemListElement\":[{\"@type\":\"ListItem\",\"position\":1,\"name\":\"Home\",\"item\":\"https:\/\/elkeradhuber.at\/\"},{\"@type\":\"ListItem\",\"position\":2,\"name\":\"03-01_Coaching&#038;Training__Coaching\"}]},{\"@type\":\"WebSite\",\"@id\":\"https:\/\/elkeradhuber.at\/#website\",\"url\":\"https:\/\/elkeradhuber.at\/\",\"name\":\"Mag. Elke Radhuber | Psychotherapie und Coaching\",\"description\":\"Webseite zur Praxis f\u00fcr Psychotherapie und Coaching von Mag. Elke Radhuber\",\"publisher\":{\"@id\":\"https:\/\/elkeradhuber.at\/#organization\"},\"alternateName\":\"Praxis f\u00fcr Psychotherapie und Coaching | Mag. Elke Radhuber\",\"potentialAction\":[{\"@type\":\"SearchAction\",\"target\":{\"@type\":\"EntryPoint\",\"urlTemplate\":\"https:\/\/elkeradhuber.at\/?s={search_term_string}\"},\"query-input\":{\"@type\":\"PropertyValueSpecification\",\"valueRequired\":true,\"valueName\":\"search_term_string\"}}],\"inLanguage\":\"de-AT\"},{\"@type\":\"Organization\",\"@id\":\"https:\/\/elkeradhuber.at\/#organization\",\"name\":\"Mag. Elke Radhuber | Praxis f\u00fcr Psychotherapie und Coaching\",\"alternateName\":\"Praxis f\u00fcr Psychotherapie und Coaching | Mag. Elke Radhuber\",\"url\":\"https:\/\/elkeradhuber.at\/\",\"logo\":{\"@type\":\"ImageObject\",\"inLanguage\":\"de-AT\",\"@id\":\"https:\/\/elkeradhuber.at\/#\/schema\/logo\/image\/\",\"url\":\"https:\/\/elkeradhuber.at\/wp-content\/uploads\/2020\/03\/elke_079_extended.jpg\",\"contentUrl\":\"https:\/\/elkeradhuber.at\/wp-content\/uploads\/2020\/03\/elke_079_extended.jpg\",\"width\":1920,\"height\":1282,\"caption\":\"Mag. Elke Radhuber | Praxis f\u00fcr Psychotherapie und Coaching\"},\"image\":{\"@id\":\"https:\/\/elkeradhuber.at\/#\/schema\/logo\/image\/\"},\"sameAs\":[\"https:\/\/www.facebook.com\/psychotherapieradhuber\/\",\"https:\/\/www.instagram.com\/elke_radhuber\/\"]}]}<\/script>\n<!-- \/ Yoast SEO plugin. -->","yoast_head_json":{"title":"03-01_Coaching&Training__Coaching | Mag. Elke Radhuber | Psychotherapie und Coaching","robots":{"index":"index","follow":"follow","max-snippet":"max-snippet:-1","max-image-preview":"max-image-preview:large","max-video-preview":"max-video-preview:-1"},"canonical":"https:\/\/elkeradhuber.at\/?page_id=107","og_locale":"de_DE","og_type":"article","og_title":"03-01_Coaching&Training__Coaching | Mag. Elke Radhuber | Psychotherapie und Coaching","og_description":"Coaching-Inhalte Da Wirtschaft und Markt ein vom Menschen erzeugtes Konstrukt ist, gibt es naturgem\u00e4\u00df Wechselwirkungen: Der Mensch und sein mentaler Zustand nimmt somit auf wirtschaftlichen Faktoren Einfluss und mitunter auch umgekehrt.. Insofern ist die private Dimension h\u00e4ufig nicht trennbar von der beruflichen Dimension. Daher k\u00f6nnen bei beruflichen Einzel-Coachings (die ich beispielsweise f\u00fcr Firmenkunden anbiete), auch [&hellip;]","og_url":"https:\/\/elkeradhuber.at\/?page_id=107","og_site_name":"Mag. Elke Radhuber | Psychotherapie und Coaching","article_publisher":"https:\/\/www.facebook.com\/psychotherapieradhuber\/","article_modified_time":"2019-02-10T10:46:39+00:00","og_image":[{"url":"gantry-media:\/\/03_Coaching_Training\/01_Coaching\/world-coaching1-crop-u8995.jpg","type":"","width":"","height":""}],"twitter_card":"summary_large_image","twitter_misc":{"Gesch\u00e4tzte Lesezeit":"2 Minuten"},"schema":{"@context":"https:\/\/schema.org","@graph":[{"@type":"WebPage","@id":"https:\/\/elkeradhuber.at\/?page_id=107","url":"https:\/\/elkeradhuber.at\/?page_id=107","name":"03-01_Coaching&Training__Coaching | Mag. Elke Radhuber | Psychotherapie und Coaching","isPartOf":{"@id":"https:\/\/elkeradhuber.at\/#website"},"primaryImageOfPage":{"@id":"https:\/\/elkeradhuber.at\/?page_id=107#primaryimage"},"image":{"@id":"https:\/\/elkeradhuber.at\/?page_id=107#primaryimage"},"thumbnailUrl":"gantry-media:\/\/03_Coaching_Training\/01_Coaching\/world-coaching1-crop-u8995.jpg","datePublished":"2018-01-04T14:57:22+00:00","dateModified":"2019-02-10T10:46:39+00:00","breadcrumb":{"@id":"https:\/\/elkeradhuber.at\/?page_id=107#breadcrumb"},"inLanguage":"de-AT","potentialAction":[{"@type":"ReadAction","target":["https:\/\/elkeradhuber.at\/?page_id=107"]}]},{"@type":"ImageObject","inLanguage":"de-AT","@id":"https:\/\/elkeradhuber.at\/?page_id=107#primaryimage","url":"gantry-media:\/\/03_Coaching_Training\/01_Coaching\/world-coaching1-crop-u8995.jpg","contentUrl":"gantry-media:\/\/03_Coaching_Training\/01_Coaching\/world-coaching1-crop-u8995.jpg"},{"@type":"BreadcrumbList","@id":"https:\/\/elkeradhuber.at\/?page_id=107#breadcrumb","itemListElement":[{"@type":"ListItem","position":1,"name":"Home","item":"https:\/\/elkeradhuber.at\/"},{"@type":"ListItem","position":2,"name":"03-01_Coaching&#038;Training__Coaching"}]},{"@type":"WebSite","@id":"https:\/\/elkeradhuber.at\/#website","url":"https:\/\/elkeradhuber.at\/","name":"Mag. Elke Radhuber | Psychotherapie und Coaching","description":"Webseite zur Praxis f\u00fcr Psychotherapie und Coaching von Mag. Elke Radhuber","publisher":{"@id":"https:\/\/elkeradhuber.at\/#organization"},"alternateName":"Praxis f\u00fcr Psychotherapie und Coaching | Mag. Elke Radhuber","potentialAction":[{"@type":"SearchAction","target":{"@type":"EntryPoint","urlTemplate":"https:\/\/elkeradhuber.at\/?s={search_term_string}"},"query-input":{"@type":"PropertyValueSpecification","valueRequired":true,"valueName":"search_term_string"}}],"inLanguage":"de-AT"},{"@type":"Organization","@id":"https:\/\/elkeradhuber.at\/#organization","name":"Mag. Elke Radhuber | Praxis f\u00fcr Psychotherapie und Coaching","alternateName":"Praxis f\u00fcr Psychotherapie und Coaching | Mag. Elke Radhuber","url":"https:\/\/elkeradhuber.at\/","logo":{"@type":"ImageObject","inLanguage":"de-AT","@id":"https:\/\/elkeradhuber.at\/#\/schema\/logo\/image\/","url":"https:\/\/elkeradhuber.at\/wp-content\/uploads\/2020\/03\/elke_079_extended.jpg","contentUrl":"https:\/\/elkeradhuber.at\/wp-content\/uploads\/2020\/03\/elke_079_extended.jpg","width":1920,"height":1282,"caption":"Mag. Elke Radhuber | Praxis f\u00fcr Psychotherapie und Coaching"},"image":{"@id":"https:\/\/elkeradhuber.at\/#\/schema\/logo\/image\/"},"sameAs":["https:\/\/www.facebook.com\/psychotherapieradhuber\/","https:\/\/www.instagram.com\/elke_radhuber\/"]}]}},"_links":{"self":[{"href":"https:\/\/elkeradhuber.at\/index.php?rest_route=\/wp\/v2\/pages\/107","targetHints":{"allow":["GET"]}}],"collection":[{"href":"https:\/\/elkeradhuber.at\/index.php?rest_route=\/wp\/v2\/pages"}],"about":[{"href":"https:\/\/elkeradhuber.at\/index.php?rest_route=\/wp\/v2\/types\/page"}],"author":[{"embeddable":true,"href":"https:\/\/elkeradhuber.at\/index.php?rest_route=\/wp\/v2\/users\/2"}],"replies":[{"embeddable":true,"href":"https:\/\/elkeradhuber.at\/index.php?rest_route=%2Fwp%2Fv2%2Fcomments&post=107"}],"version-history":[{"count":65,"href":"https:\/\/elkeradhuber.at\/index.php?rest_route=\/wp\/v2\/pages\/107\/revisions"}],"predecessor-version":[{"id":1120,"href":"https:\/\/elkeradhuber.at\/index.php?rest_route=\/wp\/v2\/pages\/107\/revisions\/1120"}],"wp:attachment":[{"href":"https:\/\/elkeradhuber.at\/index.php?rest_route=%2Fwp%2Fv2%2Fmedia&parent=107"}],"curies":[{"name":"wp","href":"https:\/\/api.w.org\/{rel}","templated":true}]}}